e tens digit of (-10792)/(-14) - 0 - 18/(-126)?
7
Let o(c) = 2 - 5 + 5 - c. Let s be o(0). What is the tens digit of ((-19)/5)/(s/(-10))?
1
Suppose -2*f + 4*d = -406, 0 = -3*d + 7 - 4. What is the hundreds digit of f?
2
Suppose -a + 17 = 2*p, 2*p = -2*a + 5*p + 13. Let m(d) = -d. Let n(q) = 7*q + 4. Let x(t) = 4*m(t) + n(t). What is the units digit of x(a)?
7
Let m(o) = -25*o + 9. Let v be (0 + 1 + -2)*7. Let j be m(v). What is the units digit of j/20 - (-3)/(-15)?
9
Let q be 1/(-2) + 4667/26. Let t = -40 + q. What is the hundreds digit of t?
1
Suppose 0 = -2*d - 14 + 24. Suppose d*v = 563 - 23. What is the units digit of v?
8
Suppose 0*k + 2*k - 70 = 4*n, -5*n + 5*k - 100 = 0. Let v be ((-12)/n)/((-6)/15). Let o = 35 - v. What is the tens digit of o?
3
Suppose -2*h + 102 = -2*j - 532, 0 = h - 4*j - 317. What is the units digit of h?
7
Let j(y) = -y**2 + 6*y. Let o be j(5). Suppose c + 3*l + 223 = o*c, 5*c + 5*l = 270. What is the tens digit of c?
5
Suppose 194 = 4*g - 2*b, -3*b - 199 = -3*g - g. Suppose -3*c = -175 + g. Suppose m - 6 = c. What is the tens digit of m?
4
Let f(c) be the first derivative of -c**4/4 + 10*c**3/3 - c**2 - 4*c - 10. Let t be f(9). Let u = t + -19. What is the units digit of u?
0
Let b be (-2 + 1)*(-4 - -1). Suppose 3*y + b*l + 9 = 2*y, 5*l = -3*y - 11. Suppose -95 = -y*i - 2*i. What is the tens digit of i?
1
Let y be 352/16*(3 - 2). Suppose -690 = -28*a + y*a. What is the tens digit of a?
1
What is the hundreds digit of (-44)/(-638) - 3884/(-29)?
1
Let a(i) = i**3 + 5*i**2 + i + 4. Let u be a(-5). What is the tens digit of 152 - ((-2)/2)/u?
5
What is the hundreds digit of (-3690)/(-24) - 4/64*-4?
1
Let d be (190/57)/(2/9). Let s be 0/(-2 + 4)*1. Suppose t + d - 56 = s. What is the units digit of t?
1
Suppose 26*n + 2624 = 18432. What is the hundreds digit of n?
6
Let h = -477 - -918. What is the units digit of h?
1
What is the units digit of (-37)/74*(-5428)/2?
7
Let f(n) = -2*n**3 + 8*n**2 + 4*n + 5. Let h be f(6). Let r = h - -177. What is the units digit of r?
2
Suppose 0 = 3*b + b + 5*t - 45, -5*b - t = -30. Suppose -2*w - 1 = 2*d + 3, 2*w = b*d - 18. Suppose -6*a + 96 = -d*a. What is the tens digit of a?
2
Suppose w + 2*s - 3 = 3*s, -2*w - s - 3 = 0. Suppose i - 39 - 14 = w. What is the units digit of i?
3
Let v(f) = -2*f**2. Suppose w - 5*w - i - 4 = 0, -3*i + 3 = -3*w. Let d(u) = -u**2 + u + 1. Let c(s) = w*v(s) + d(s). What is the units digit of c(0)?
1
Suppose -19 + 6 = -4*y - 5*w, -10 = -3*y - 4*w. Suppose y = -2*g + 12. Suppose 20 = g*f - 40. What is the units digit of f?
2
Let u = -17 + 326. What is the units digit of u?
9
Let u(b) = 87*b + 2. Let o be u(4). Let x = o + -214. Suppose -25 = 3*d - x. What is the tens digit of d?
3
Let c = 731 + 177. What is the units digit of c?
8
Let j = -19 - -61. Suppose 5 = -b - 2*p, -4*b + p - 76 = -11. What is the units digit of 5*(4 - j/b)?
4
Let c(a) = 5*a + 16. Let f be c(-5). Let n = f - -35. What is the units digit of n?
6
Let c(g) be the third derivative of -g**4/8 - 2*g**3/3 - 3*g**2. Let m be c(-5). Suppose 0 = -x + m - 3. What is the units digit of x?
8
What is the units digit of (-86368)/(-26) - (-32)/208?
2
Let z = 511 - 231. Suppose 71*g - z = 69*g. What is the tens digit of g?
4
Let f(g) = -6*g**2 + 11*g + 9. Let y(z) = -7*z**2 + 12*z + 10. Let d(q) = -6*f(q) + 5*y(q). What is the tens digit of d(-5)?
5
Let k be -1*(-6)/(-10)*-20. Suppose -k*p = -17*p + 1095. What is the units digit of p?
9
Let u = 1239 - 611. What is the units digit of u?
8
Let q(a) = -14*a**2 + 4*a - 30. Let t(c) = 5*c**2 - c + 10. Let g(f) = 6*q(f) + 17*t(f). Let i = 14 - 26. What is the tens digit of g(i)?
5
What is the units digit of -2 + 227 - (14 + -9)?
0
Suppose -v + 5*h - 7*h + 2975 = 0, 3*h = -4*v + 11915. What is the thousands digit of v?
2
Let l = 27 + -26. Let v be (-7 + 3 - -7)/l. Suppose 5*g = j - 5*j + 165, v*g - 4*j = 131. What is the tens digit of g?
3
Let c(h) = -h**3 + 39*h**2 - 88*h + 9. What is the units digit of c(36)?
9
Suppose 7*x + 2674 = 14*x. What is the tens digit of x?
8
Let b be 6/(-8) - (-34)/(-8). Let o(y) = -14*y + 12. What is the tens digit of o(b)?
8
Let i(s) = 2*s**3 - 4*s**2 - 6*s - 8. Let r be -2*1/(-2)*5. What is the tens digit of i(r)?
1
Let k = 0 - -6. Suppose -2*d - k = -3*d. What is the tens digit of (-4)/d - (-994)/42?
2
Let r = -72 - -146. Suppose -2*u - 134 = r. What is the units digit of (u/6)/((-4)/6)?
6
Let j = -72 - -15. Let t be 12160/j*6/(-4). Suppose t = -15*i + 20*i. What is the units digit of i?
4
Let z = -26 - -30. Suppose -z*p + 12*p - 40 = 0. Suppose -t - 3*x = -72, 190 = 5*t - p*x - 90. What is the units digit of t?
0
Suppose -99*d + 60 = -103*d. What is the units digit of 72*(5/d - -1)?
8
Let z be ((-14)/(-21))/((-2)/(-6)). Suppose g + 0*s = z*s, 11 = 4*g + 3*s. Suppose -4*r = -g + 18, -4*r = 2*t - 26. What is the units digit of t?
1
Let k be 4/18 - (-140)/18. Suppose 4*y - k = -4*l, 5*l + 5*y = 2*l + 14. What is the units digit of (l - -26) + -4 + 6?
6
Suppose -3*w + 2*p + 1239 = 0, -176 = 2*w + p - 1009. What is the units digit of w?
5
Suppose -3*x = -5*h + 1714 + 283, -4*x = -h + 413. What is the units digit of h?
7
Suppose 2*x + 34 = -4*g, -3*g + 9 = -4*g - x. Let h = g + 13. Suppose 0 = l - h - 1. What is the units digit of l?
6
Let c(o) = o**2 - 3*o - 4. Let y be c(5). Suppose 4*z + y = 14. What is the units digit of 4 + (6 - z) + 11?
9
What is the units digit of (-1752)/(-3) + (-4)/1?
0
Let h(z) be the second derivative of -3*z + 0 + 1/12*z**4 + z**2 - 5/6*z**3. What is the tens digit of h(7)?
1
Let n(s) be the third derivative of s**6/120 + 12*s**3 - 7*s**2. What is the tens digit of n(0)?
7
Suppose -2*i = 5*l - 44, -4*l - 3*i = 16 - 47. Suppose -3*u - 364 = -l*u. Suppose 0 = 4*z - u - 112. What is the units digit of z?
1
Suppose -j = -0*j + 3, -3*y = -j + 18. Let p = 63 + -45. Let l = p + y. What is the tens digit of l?
1
Suppose -12*w + 776 = -508. Suppose -2*m + 1070 = 5*y, -4*m - 299 + w = -y. What is the units digit of y?
2
Let v(c) = 4*c**2 - 30*c - 5. What is the units digit of v(15)?
5
Let n(w) = -1. Let s(z) = -z**3 + 9*z**2 - 13*z + 2. Let f(v) = 5*n(v) + s(v). What is the tens digit of f(6)?
2
Let j be 2/8 - (-5)/(-20). Suppose j = -2*g + 8, -2*t + g + 108 = 38. What is the tens digit of t?
3
Suppose 5*w = 2*j - 11, j - 4*j + 8 = w. Suppose 195 - 66 = j*y. What is the units digit of y?
3
Let n(f) = -31*f + 72. What is the tens digit of n(-5)?
2
Let l(y) = y - 4. Let v be l(7). Suppose a + 84 = v*a. Let o = 59 - a. What is the units digit of o?
7
Let r be (3 - (-20)/(-5))*(0 + -220). Suppose 26*c - 24*c - r = 0. What is the hundreds digit of c?
1
Suppose 16*y + 1180 = 18*y. What is the hundreds digit of y?
5
Let q(h) = -h**3 + 5*h**2 + 4*h + 8. Let x be q(6). Suppose -88 = 4*m - 24. Let z = x - m. What is the units digit of z?
2
Suppose 5*t + 26 = 151. Suppose 0 = 3*y - 3. What is the units digit of y/(1/t) + -2?
3
Suppose 0 = 4*a - 36*q + 38*q - 6004, 1491 = a + 3*q. What is the tens digit of a?
0
Suppose -3*c - 12 = -7*c. Suppose c*s + 2*z = 4*z, 4*z = 12. Suppose -28 = -s*t - 2*t. What is the units digit of t?
7
Let z be ((-496)/(-20))/((-4)/(-10)). Let a be (-1)/(z/20 - 3). What is the tens digit of (-20)/a - 1*-21?
2
Let t(l) = l**3 + 2*l**2 - 2*l - 2. Let g = -19 - -17. Let p be t(g). Suppose -p*n + 2*r + 16 + 40 = 0, -2*n - 4*r = -26. What is the units digit of n?
3
Let l(f) = -f**2 - 4*f - 1. Let n(a) be the first derivative of a - 5. Let h(p) = -l(p) + 2*n(p). What is the units digit of h(-8)?
5
Let l = 2489 - 1194. What is the thousands digit of l?
1
Suppose 4*x + 10 + 58 = 0. Let q = x - -77. What is the units digit of q?
0
Suppose 7*l + 961 = 6953. What is the hundreds digit of l?
8
Let n(k) be the first derivative of k**4/4 + 2*k + 4. Let o be n(0). Suppose -2*l + 40 = o*l. What is the tens digit of l?
1
What is the units digit of 13/((-44)/15 - -3)?
5
Suppose -5*d + 725 = -640. What is the units digit of d?
3
Let n(a) = 415*a - 1. Let y be n(1). Suppose 5*p - y = -79. What is the units digit of p?
7
Suppose j - 2579 = -720. What is the units digit of j?
9
Suppose 2*v - 3*m = 1, -4*v - m = 2*m - 29. Suppose -4*t + 56 = -2*l, -t + 4*l = -l - v. Let f = -7 + t. What is the units digit of f?
8
L